{"id":2384,"date":"2021-06-01T13:55:24","date_gmt":"2021-06-01T11:55:24","guid":{"rendered":"https:\/\/www.e-teczowakraina.pl\/?post_type=events&#038;p=2384"},"modified":"2021-06-01T13:55:24","modified_gmt":"2021-06-01T11:55:24","slug":"festyn-z-okazji-dnia-dziecka","status":"publish","type":"events","link":"https:\/\/www.e-teczowakraina.pl\/index.php\/school-events\/festyn-z-okazji-dnia-dziecka\/","title":{"rendered":"Festyn z okazji Dnia Dziecka!"},"content":{"rendered":"<p style=\"text-align: center;\">Drodzy Rodzice!<\/p>\n<p style=\"text-align: center;\">Uprzejmie informujemy, \u017ce 18.06.2021 (tj. pi\u0105tek) w godzinach od 12:00 do 15:00 odb\u0119dzie si\u0119<\/p>\n<p style=\"text-align: center;\">festyn dla naszych Przedszkolak\u00f3w z okazji Dnia Dziecka (niestety w tym roku bez rodzic\u00f3w).<\/p>\n<p>&nbsp;<\/p>\n<p style=\"text-align: center;\">W programie mamy wiele ciekawych atrakcji z animatorami, dmuchawce, lody oraz wiele innych!<\/p>\n<p style=\"text-align: center;\">Mamy nadziej\u0119, \u017ce pogoda nam dopisze!<br \/>\n\ud83c\udf08 \ud83e\udd73 \ud83c\udf1e<\/p>\n<p><img loading=\"lazy\" class=\"alignnone size-medium wp-image-2385\" src=\"https:\/\/www.e-teczowakraina.pl\/wp-content\/uploads\/2021\/06\/524-5249142_tube-anniversaire-fete-anniversaire-ballon-png-transparent-png-300x273.png\" alt=\"\" width=\"300\" height=\"273\" srcset=\"https:\/\/www.e-teczowakraina.pl\/wp-content\/uploads\/2021\/06\/524-5249142_tube-anniversaire-fete-anniversaire-ballon-png-transparent-png-300x273.png 300w, https:\/\/www.e-teczowakraina.pl\/wp-content\/uploads\/2021\/06\/524-5249142_tube-anniversaire-fete-anniversaire-ballon-png-transparent-png-768x699.png 768w, https:\/\/www.e-teczowakraina.pl\/wp-content\/uploads\/2021\/06\/524-5249142_tube-anniversaire-fete-anniversaire-ballon-png-transparent-png.png 860w\" sizes=\"(max-width: 300px) 100vw, 300px\" \/><\/p>\n","protected":false},"excerpt":{"rendered":"<p>Drodzy Rodzice! Uprzejmie informujemy, \u017ce 18.06.2021 (tj. pi\u0105tek) w godzinach od 12:00 do 15:00 odb\u0119dzie si\u0119 festyn dla naszych Przedszkolak\u00f3w z okazji Dnia Dziecka (niestety w tym roku bez rodzic\u00f3w). &nbsp; W programie mamy wiele ciekawych atrakcji z animatorami, dmuchawce, lody oraz wiele innych! Mamy nadziej\u0119, \u017ce pogoda nam dopisze! [&hellip;]<\/p>\n","protected":false},"featured_media":0,"comment_status":"open","ping_status":"closed","template":"","meta":[],"_links":{"self":[{"href":"https:\/\/www.e-teczowakraina.pl\/index.php\/wp-json\/wp\/v2\/events\/2384"}],"collection":[{"href":"https:\/\/www.e-teczowakraina.pl\/index.php\/wp-json\/wp\/v2\/events"}],"about":[{"href":"https:\/\/www.e-teczowakraina.pl\/index.php\/wp-json\/wp\/v2\/types\/events"}],"replies":[{"embeddable":true,"href":"https:\/\/www.e-teczowakraina.pl\/index.php\/wp-json\/wp\/v2\/comments?post=2384"}],"wp:attachment":[{"href":"https:\/\/www.e-teczowakraina.pl\/index.php\/wp-json\/wp\/v2\/media?parent=2384"}],"curies":[{"name":"wp","href":"https:\/\/api.w.org\/{rel}","templated":true}]}}

<p style="text-align: center;">Drodzy Rodzice!</p>
<p style="text-align: center;">Uprzejmie informujemy, że 18.06.2021 (tj. piątek) w godzinach od 12:00 do 15:00 odbędzie się</p>
<p style="text-align: center;">festyn dla naszych Przedszkolaków z okazji Dnia Dziecka (niestety w tym roku bez rodziców).</p>
<p>&nbsp;</p>
<p style="text-align: center;">W programie mamy wiele ciekawych atrakcji z animatorami, dmuchawce, lody oraz wiele innych!</p>
<p style="text-align: center;">Mamy nadzieję, że pogoda nam dopisze!<br />
🌈 🥳 🌞</p>
<p><img loading="lazy" class="alignnone size-medium wp-image-2385" src="https://www.e-teczowakraina.pl/wp-content/uploads/2021/06/524-5249142_tube-anniversaire-fete-anniversaire-ballon-png-transparent-png-300x273.png" alt="" width="300" height="273" srcset="https://www.e-teczowakraina.pl/wp-content/uploads/2021/06/524-5249142_tube-anniversaire-fete-anniversaire-ballon-png-transparent-png-300x273.png 300w, https://www.e-teczowakraina.pl/wp-content/uploads/2021/06/524-5249142_tube-anniversaire-fete-anniversaire-ballon-png-transparent-png-768x699.png 768w, https://www.e-teczowakraina.pl/wp-content/uploads/2021/06/524-5249142_tube-anniversaire-fete-anniversaire-ballon-png-transparent-png.png 860w" sizes="(max-width: 300px) 100vw, 300px" /></p>

<p>Drodzy Rodzice! Uprzejmie informujemy, że 18.06.2021 (tj. piątek) w godzinach od 12:00 do 15:00 odbędzie się festyn dla naszych Przedszkolaków z okazji Dnia Dziecka (niestety w tym roku bez rodziców). &nbsp; W programie mamy wiele ciekawych atrakcji z animatorami, dmuchawce, lody oraz wiele innych! Mamy nadzieję, że pogoda nam dopisze! [&hellip;]</p>
